ase 10, what is -20 + 70586?
70566
In base 16, what is -13 - -91b?
908
In base 2, what is 11101000001000 - -100?
11101000001100
In base 14, what is -2 + -271?
-273
In base 9, what is -33763 - -41?
-33722
In base 13, what is -118a + 8?
-1182
In base 15, what is 5682 - -33?
56b5
In base 6, what is -10 + -3425240?
-3425250
In base 3, what is 12 - -1220120221100?
1220120221112
In base 16, what is 23 + 4aa?
4cd
In base 2, what is 11111111010001010 - 101?
11111111010000101
In base 12, what is 3550 - 11?
353b
In base 5, what is -124244110 - -2?
-124244103
In base 9, what is -3136 - -4?
-3132
In base 3, what is 1021202 - -111?
1022020
In base 12, what is 1 - -553b1?
553b2
In base 13, what is -76 - 5677?
-5720
In base 14, what is -4 + -1d9038?
-1d903c
In base 13, what is 3 - 91c?
-919
In base 9, what is 122 + 106?
228
In base 11, what is 3 + 322730?
322733
In base 5, what is -20413 - -201?
-20212
In base 2, what is -1111100101110 - -11?
-1111100101011
In base 4, what is -31 + 1120312?
1120221
In base 9, what is -300 + -40?
-340
In base 10, what is -3002 - -5?
-2997
In base 16, what is -2 - aec?
-aee
In base 7, what is 1443226 + 0?
1443226
In base 10, what is -1 - 21779?
-21780
In base 3, what is -11002 + -1120100?
-1201102
In base 12, what is 5 + 12b87?
12b90
In base 4, what is -112220 - 130?
-113010
In base 13, what is 0 - 51025?
-51025
In base 4, what is 1133203 - 20?
1133123
In base 14, what is -2a1 - -dd?
-1a2
In base 13, what is -1a0b8 + 3?
-1a0b5
In base 11, what is 37 - 762?
-726
In base 3, what is -22002000000 - -10?
-22001222220
In base 5, what is 3 - -43223003?
43223011
In base 10, what is -609 + -785?
-1394
In base 14, what is 3a93 + 3?
3a96
In base 7, what is 24 - 1422?
-1365
In base 11, what is 714456 - 2?
714454
In base 5, what is -3042 - -34234?
31142
In base 13, what is 1505 - -7?
150c
In base 11, what is 10a8 - -387?
1484
In base 11, what is -7 + -7a593?
-7a59a
In base 11, what is 1 + 12612?
12613
In base 15, what is -125e - -5?
-1259
In base 13, what is -254 + -347?
-59b
In base 7, what is -1 - -5111?
5110
In base 16, what is d5 + -15?
c0
In base 6, what is -40 + -51332?
-51412
In base 4, what is -2 + 13202333?
13202331
In base 15, what is 1388 - -4e3?
187b
In base 3, what is 10 + 211002120?
211002200
In base 3, what is -12022 - -12012?
-10
In base 15, what is 0 + -93d?
-93d
In base 11, what is -9 + 34514?
34506
In base 4, what is -1110 + -320?
-2030
In base 10, what is 10493 + -24?
10469
In base 15, what is -1 - 2ade0?
-2ade1
In base 14, what is 4 + 1460d?
14613
In base 13, what is -488a7a + 3?
-488a77
In base 8, what is 100171 + -5?
100164
In base 12, what is -55a6 + -13a?
-5724
In base 4, what is 11033 + -311?
10122
In base 7, what is -1236 + 622?
-314
In base 11, what is 4104 - 8?
40a7
In base 14, what is -2d - 859?
-888
In base 7, what is 63 + -13115?
-13022
In base 14, what is c57 + 20?
c77
In base 10, what is 4 - -183405?
183409
In base 3, what is 202 + 1011021022?
1011022001
In base 14, what is -2a - -4d3b?
4d11
In base 13, what is -861b2 - 1?
-861b3
In base 5, what is -33 + -1241223?
-1241311
In base 14, what is -bc92 + 5a?
-bc36
In base 2, what is -10 + -10010111011011100?
-10010111011011110
In base 4, what is -3 - 3132302?
-3132311
In base 8, what is 1 + 564630?
564631
In base 10, what is 3746243 - 3?
3746240
In base 13, what is 1b + -1cb57?
-1cb39
In base 4, what is 2 - 10321212?
-10321210
In base 14, what is -da + -7b?
-177
In base 13, what is 28081 + 15?
28096
In base 4, what is -11011 - -1133?
-3212
In base 16, what is -4f322 - 3?
-4f325
In base 4, what is -22020333 - 3?
-22021002
In base 12, what is 17 + 498b?
49a6
In base 6, what is -1144200 + 2?
-1144154
In base 12, what is -5622 + -8?
-562a
In base 4, what is 223111 - -1203?
230320
In base 11, what is -11 - 4402a?
-44040
In base 5, what is 212102 + -2?
212100
In base 6, what is -4 + 2415302?
2415254
In base 6, what is -201500 - -5?
-201451
In base 8, what is 17775 - 131?
17644
In base 8, what is 4 + -1161?
-1155
In base 13, what is -1c1 - -982?
791
In base 4, what is 130 - -3133010?
3133200
In base 2, what is 1101000101100 + -1110?
1101000011110
In base 10, what is 11 + -4731?
-4720
In base 15, what is -4 - -4bc9?
4bc5
In base 13, what is a35 - -18?
a50
In base 4, what is -10 + 201211213?
201211203
In base 2, what is -1 + 1110111111000?
1110111110111
In base 6, what is 1 - 104430?
-104425
In base 6, what is 2200540 - -3?
2200543
In base 2, what is -11111 + -11010100010?
-11011000001
In base 3, what is -200211100010 + 12?
-200211022221
In base 10, what is -4 + 1634?
1630
In base 4, what is 12311223 - -3?
12311232
In base 11, what is 2150782 - -3?
2150785
In base 16, what is 1ec0 + -24?
1e9c
In base 6, what is 11133010 + 2?
11133012
In base 12, what is -131502 + -3?
-131505
In base 13, what is -14b3 + -15?
-14c8
In base 11, what is -8237 + 611?
-7726
In base 8, what is 5563 + -30?
5533
In base 5, what is 1430121 + 42?
1430213
In base 4, what is 1031122 - -20232?
1112020
In base 7, what is 10465352 + 2?
10465354
In base 14, what is -8c372 + -b?
-8c37d
In base 15, what is -a + -11079?
-11084
In base 4, what is 10 + -1332022302?
-1332022232
In base 15, what is 390478 - 1?
390477
In base 5, what is 1243201243 - 1?
1243201242
In base 10, what is -7905 + 118?
-7787
In base 4, what is 111 + -21321?
-21210
In base 9, what is 4 - 35250?
-35245
In base 3, what is 1120121 + -100102?
1020012
In base 9, what is 5 - -400155?
400161
In base 6, what is -34514 + 3?
-34511
In base 11, what is -1 - 651925?
-651926
In base 2, what is 11 - 1111010000101?
-1111010000010
In base 9, what is -10101 + -4?
-10105
In base 10, what is -1 + 148961?
148960
In base 9, what is 35713 + 54?
35767
In base 14, what is 43d - 681?
-242
In base 4, what is 12220202012 + 2?
12220202020
In base 11, what is 9 - -1714?
1722
In base 5, what is 3 + 41434421?
41434424
In base 15, what is b - 193a9?
-1939d
In base 7, what is -16 - 1034?
-1053
In base 5, what is 10 + 1043304?
1043314
In base 15, what is -4 - 3301e?
-33023
In base 5, what is -3041311 + 4?
-3041302
In base 3, what is 11 - 2100102122?
-2100102111
In base 15, what is 4 - -1962?
1966
In base 4, what is 132 + -2023000?
-2022202
In base 3, what is 1 - -2021202122?
2021202200
In base 15, what is 8be83 + 2?
8be85
In base 6, what is 3 + -13322435?
-13322432
In base 5, what is -22 + 1040412?
1040340
In base 2, what is 101100101 - -1111001001?
10100101110
In base 5, what is -2124 + 133?
-1441
In base 10, what is 0 + -16113?
-16113
In base 14, what is 12781 + 3?
12784
In base 14, what is -110 + 19?
-d5
In base 5, what is 23313 - -311?
24124
In base 10, what is -3069740 + 0?
-3069740
In base 15, what is -2 - -7ad4?
7ad2
In base 11, what is 1 - 717a?
-7179
In base 4, what is 10333301 + 1?
10333302
In base 10, what is 240 + 100?
340
In base 10, what is -1 - 31035?
-31036
In base 12, what is 162a585 + -1?
162a584
In base 5, what is 30 - 1342322?
-1342242
In base 12, what is -13 - 744?
-757
In base 15, what is c + -2a21?
-2a14
In base 11, what is -12 - 4417?
-4429
In base 4, what is -301313132 + 11?
-301313121
In base 12, what is -1 - 3045?
-3046
In base 16, what is 103 + -204?
-101
In base 14, what is 1 - -55d2?
55d3
In base 9, what is -4 - 1512458?
-1512463
In base 2, what is -110011010111 + -1010?
-110011100001
In base 3, what is -212002011 + 1122?
-212000112
In base 4, what is 2 + -2221113?
-2221111
In base 9, what is -234 - -738?
504
In base 10, what is 35118 - 2?
35116
In base 16, what is 9 - 2a03f?
-2a036
In base 5, what is 331 + -314?
12
In base 4, what is -20111 + -2010?
-22121
In base 4, what is 0 - -302221211?
302221211
In base 3, what is -1 - 2000012?
-2000020
In base 14, what is 2d80 - 0?
2d80
In base 7, what is 1132 - -46260?
50422
In base 9, what is -20060 - -5?
-20054
In base 12, what is 26a6 - -9?
26b3
In base 8, what is 210 + 2152?
2362
In base 16, what is 0 - -33d3?
33d3
In base 11, what is -16a6 - 2?
-16a8
In base 2, what is 10 - -10101111010101110?
10101111010110000
In base 12, what is -11 - 107574?
-107585
In base 9, what is -156 - -5588?
5432
In base 7, what is -2616654 - 3?
-2616660
In base 15, what is 3 - 88b8?
-88b5
In base 12, what is 4 + 53934?
53938
In base 9, what is 11545670 - -5?
11545675
In base 3, what is 21101 - -222020?
1020121